{"id":21,"date":"2018-05-22T00:33:53","date_gmt":"2018-05-22T00:33:53","guid":{"rendered":"http:\/\/www.logosconsultores.cl\/index\/?page_id=21"},"modified":"2018-07-27T18:01:12","modified_gmt":"2018-07-27T18:01:12","slug":"somoslogosconsultores","status":"publish","type":"page","link":"https:\/\/www.logosconsultores.cl\/index\/somoslogosconsultores\/","title":{"rendered":"Somos Logos"},"content":{"rendered":"<p>Somos un grupo de empresas dedicado a brindar soluciones en el \u00e1rea de Recursos Humanos<br \/>\n(HHRR) en la modalidad de <strong>SERVICIOS TRANSITORIOS, EXTERNALIZACION Y SELECCI\u00d3N DE<\/strong><br \/>\n<strong>PERSONAL.<\/strong><\/p>\n<hr \/>\n<p><b>NUESTRO EQUIPO DE TRABAJO<\/b><\/p>\n<p>Contamos con un calificado equipo de trabajo dispuesto a acompa\u00f1arte y satisfacer tus requerimientos de servicio.<\/p>\n<p><img loading=\"lazy\" decoding=\"async\" class=\"alignnone wp-image-276 size-full\" src=\"http:\/\/www.logosconsultores.cl\/index\/wp-content\/uploads\/2018\/06\/bannercontratar.gif\" alt=\"\" width=\"1900\" height=\"450\" \/><\/p>\n<hr \/>\n<p><b>EXPERIENCIA Y FORTALEZAS<\/b><\/p>\n<ul>\n<li>M\u00e1s de 24 a\u00f1os desarrollando soluciones de RRHH a la medida.<\/li>\n<li>M\u00e1s de 15 a\u00f1os de experiencia en RETAIL y puntos de venta en general.<\/li>\n<li>M\u00e1s de 7 a\u00f1os de experiencia en proyectos con cobertura nacional.<\/li>\n<li>Expertos en definir niveles de productividad y dotaci\u00f3n de personal.<\/li>\n<li>Evaluamos nuestra gesti\u00f3n con KPIs definidos junto al cliente.<\/li>\n<\/ul>\n<hr \/>\n<p>&nbsp;<\/p>\n","protected":false},"excerpt":{"rendered":"<p>Somos un grupo de empresas dedicado a brindar soluciones en el \u00e1rea de Recursos Humanos (HHRR) en la modalidad de SERVICIOS TRANSITORIOS, EXTERNALIZACION Y SELECCI\u00d3N DE PERSONAL. NUESTRO EQUIPO DE TRABAJO Contamos con un calificado equipo de trabajo dispuesto a acompa\u00f1arte y satisfacer tus requerimientos de servicio. EXPERIENCIA Y FORTALEZAS M\u00e1s de 24 a\u00f1os desarrollando [&hellip;]<\/p>\n","protected":false},"author":1,"featured_media":0,"parent":0,"menu_order":0,"comment_status":"closed","ping_status":"closed","template":"","meta":{"footnotes":""},"class_list":["post-21","page","type-page","status-publish"],"_links":{"self":[{"href":"https:\/\/www.logosconsultores.cl\/index\/wp-json\/wp\/v2\/pages\/21","targetHints":{"allow":["GET"]}}],"collection":[{"href":"https:\/\/www.logosconsultores.cl\/index\/wp-json\/wp\/v2\/pages"}],"about":[{"href":"https:\/\/www.logosconsultores.cl\/index\/wp-json\/wp\/v2\/types\/page"}],"author":[{"embeddable":true,"href":"https:\/\/www.logosconsultores.cl\/index\/wp-json\/wp\/v2\/users\/1"}],"replies":[{"embeddable":true,"href":"https:\/\/www.logosconsultores.cl\/index\/wp-json\/wp\/v2\/comments?post=21"}],"version-history":[{"count":39,"href":"https:\/\/www.logosconsultores.cl\/index\/wp-json\/wp\/v2\/pages\/21\/revisions"}],"predecessor-version":[{"id":409,"href":"https:\/\/www.logosconsultores.cl\/index\/wp-json\/wp\/v2\/pages\/21\/revisions\/409"}],"wp:attachment":[{"href":"https:\/\/www.logosconsultores.cl\/index\/wp-json\/wp\/v2\/media?parent=21"}],"curies":[{"name":"wp","href":"https:\/\/api.w.org\/{rel}","templated":true}]}}